{"id":44,"date":"2017-04-29T10:37:01","date_gmt":"2017-04-29T10:37:01","guid":{"rendered":"http:\/\/west-ost-institut.de\/?page_id=44"},"modified":"2017-05-01T08:14:23","modified_gmt":"2017-05-01T08:14:23","slug":"west-ost-report","status":"publish","type":"page","link":"https:\/\/westost.eu\/?page_id=44","title":{"rendered":"West-Ost-Report"},"content":{"rendered":"<div>\n<div class=\"gml-post\">\n<div class=\"gml-post-body\">\n<div class=\"gml-post-inner\">\n<div class=\"gml-postcontent\">\n<div class=\"gml-article\">\n<h3><span style=\"color: #333399;\"><strong><img loading=\"lazy\" decoding=\"async\" class=\"size-full wp-image-187 alignleft\" src=\"http:\/\/westost.eu\/wp-content\/uploads\/2017\/04\/report1-1.jpg\" alt=\"\" width=\"200\" height=\"283\" \/><span style=\"color: #808080;\">WEST-OST-REPORT<\/span><br \/>\n<span style=\"color: #808080;\"> International Forum for Science and Research<\/span><\/strong><\/span><\/h3>\n<p><em><strong>ISSN 2190-5231<\/strong><\/em><\/p>\n<p><strong>West-Ost-Report &#8211; International Forum for Science and Research<\/strong> ist eine internationale wissenschaftliche Zeitschrift, die die Ergebnisse aktueller Forschungen sowie Rezensionen sowie \u00dcbersichten und Mitteilungen von wissenschaftlichen Veranstaltungen aus den L\u00e4ndern West- und Osteuropas ver\u00f6ffentlicht.<\/p>\n<p>Die Mission der Zeitschrift besteht darin, Wissenschaftlern aus den L\u00e4ndern West- und Osteuropas sowie aus den GUS-Staaten die M\u00f6glichkeit zu geben, \u00fcber die laufenden wissenschaftlichen Projekte und Forschungsergebnisse zu informieren, ausgew\u00e4hlte wissenschaftliche Probleme und Forschungsbereiche zu thematisieren sowie nicht zuletzt auf dem aktuellen Forschungsstand in anderen L\u00e4ndern zu bleiben.<\/p>\n<p>Die Redaktion, bestehend aus ausgewiesenen Wissenschaftlern der Bereiche Geisteswissenschaften, Sozialwissenschaften und \u00d6konomie, bewertet den eingereichten Beitrag und entscheidet dar\u00fcber, ob dieser ver\u00f6ffentlicht wird, dem Autor zur \u00dcberarbeitung zur\u00fcckgesandt oder abgelehnt wird.<\/p>\n<p>Die Herausgeber der Zeitschrift verfolgen keine kommerziellen Ziele. Das Journal fokussiert ausschlie\u00dflich auf den Austausch wissenschaftlicher Informationen und dient als internationale Plattform f\u00fcr Wissenschaftler verschiedener L\u00e4nder und Denkschulen.<\/p>\n<p>Die Zeitschrift erscheint sowohl als Printausgabe wie auch in elektronischer Form. Es ist in den gr\u00f6\u00dften staatlichen und Universit\u00e4tsbibliotheken West- und Osteuropas sowie der GUS-Staaten erh\u00e4ltlich.<\/p>\n<p><strong>Verlag:<\/strong> West-Ost-Verlag, Berlin<\/p>\n<p><strong>Editorial Advisory Board<\/strong>:<\/p>\n<p>Prof. Dr. Klaus B\u00f6nkost (Bremen)<br \/>\nProf. Dr. Valentin Foedorov (Moskau)<br \/>\nProf. Dr. Andreas Knorr (Speyer)<br \/>\nProf. Dr. Alexander Krylov (Berlin)<br \/>\nProf. Dr. Rolf Oberliesen (Paderborn\/Hamburg)<br \/>\nProf. Dr. Matthias Pulte (Bonn\/Mainz)<br \/>\nDipl. Volkswirt Tobias Schauf (M\u00fcnchen)<br \/>\nProf. Dr. Eberhard Schneider (Berlin\/Siegen)<br \/>\nProf. Dr. Axel Sell (Bremen)<br \/>\nProf. Dr. Werner Siebel (Berlin)<\/p>\n<p><strong>Zielgruppe:<\/strong> Wissenschaftler aus den L\u00e4ndern West- und Osteuropas sowie der GUS-Staaten, Hochschuldozenten und Studenten, interessierte Beh\u00f6rden und Vertreter der Politik, Analyseabteilungen gro\u00dfer Firmen und anderer Organisationen, und alle weiteren Akteure, die an aktuellen Forschungsergebnissen, Veranstaltungen\u00a0 und Nachrichten aus den Universit\u00e4ten und den Forschungsorganisationen der L\u00e4nder West- und Osteuropas und der GUS-Staaten Interesse haben.<\/p>\n<\/div>\n<\/div>\n<\/div>\n<\/div>\n<\/div>\n<\/div>\n<hr \/>\n<h3><span style=\"color: #333399;\"><strong><img loading=\"lazy\" decoding=\"async\" class=\"size-full wp-image-187 alignleft\" src=\"http:\/\/westost.eu\/wp-content\/uploads\/2017\/04\/report1-1.jpg\" alt=\"\" width=\"200\" height=\"283\" \/><\/strong><\/span><span style=\"color: #808080;\"><strong>WEST-OST-REPORT<br \/>\nInternational Forum for Science and Research<\/strong><\/span><\/h3>\n<p><em><strong>ISSN 2190-5231<\/strong><\/em><\/p>\n<p><strong>West<\/strong><strong>&#8211;<\/strong><strong>Ost<\/strong><strong>&#8211;<\/strong><strong>Report<\/strong> &#8211; <strong>International<\/strong> <strong>Forum<\/strong> <strong>for<\/strong> <strong>Science<\/strong> <strong>and<\/strong> <strong>Research<\/strong> \u2013 \u043c\u0435\u0436\u0434\u0443\u043d\u0430\u0440\u043e\u0434\u043d\u044b\u0439 \u043d\u0430\u0443\u0447\u043d\u044b\u0439 \u0440\u0435\u0446\u0435\u043d\u0437\u0438\u0440\u0443\u0435\u043c\u044b\u0439 \u0436\u0443\u0440\u043d\u0430\u043b, \u043f\u0443\u0431\u043b\u0438\u043a\u0443\u044e\u0449\u0438\u0439 \u0440\u0435\u0437\u0443\u043b\u044c\u0442\u0430\u0442\u044b \u0430\u043a\u0442\u0443\u0430\u043b\u044c\u043d\u044b\u0445 \u0438\u0441\u0441\u043b\u0435\u0434\u043e\u0432\u0430\u043d\u0438\u0439, \u043d\u0430\u0443\u0447\u043d\u044b\u0435 \u0441\u0442\u0430\u0442\u044c\u0438, \u0440\u0435\u0446\u0435\u043d\u0437\u0438\u0438, \u043e\u0431\u0437\u043e\u0440\u044b \u0438 \u0441\u043e\u043e\u0431\u0449\u0435\u043d\u0438\u044f \u043e \u043d\u0430\u0443\u0447\u043d\u044b\u0445 \u043c\u0435\u0440\u043e\u043f\u0440\u0438\u044f\u0442\u0438\u044f\u0445 \u0438\u0437 \u0441\u0442\u0440\u0430\u043d \u0417\u0430\u043f\u0430\u0434\u043d\u043e\u0439 \u0438 \u0412\u043e\u0441\u0442\u043e\u0447\u043d\u043e\u0439 \u0415\u0432\u0440\u043e\u043f\u044b. \u041c\u0438\u0441\u0441\u0438\u044f \u0436\u0443\u0440\u043d\u0430\u043b\u0430 &#8211; \u0432 \u043f\u0440\u0435\u0434\u043e\u0441\u0442\u0430\u0432\u043b\u0435\u043d\u0438\u0438 \u0443\u0447\u0435\u043d\u044b\u043c \u0438\u0437 \u0441\u0442\u0440\u0430\u043d \u0417\u0430\u043f\u0430\u0434\u043d\u043e\u0439 \u0438 \u0412\u043e\u0441\u0442\u043e\u0447\u043d\u043e\u0439 \u0415\u0432\u0440\u043e\u043f\u044b, \u0430 \u0442\u0430\u043a\u0436\u0435 \u0438\u0437 \u0441\u0442\u0440\u0430\u043d \u0421\u041d\u0413 \u0432\u043e\u0437\u043c\u043e\u0436\u043d\u043e\u0441\u0442\u0438 \u0438\u043d\u0444\u043e\u0440\u043c\u0438\u0440\u043e\u0432\u0430\u043d\u0438\u044f \u043e\u0431 \u043e\u0441\u0443\u0449\u0435\u0441\u0442\u0432\u043b\u044f\u0435\u043c\u044b\u0445 \u043d\u0430\u0443\u0447\u043d\u044b\u0445 \u043f\u0440\u043e\u0435\u043a\u0442\u0430\u0445, \u0440\u0435\u0437\u0443\u043b\u044c\u0442\u0430\u0442\u0430\u0445 \u043f\u0440\u043e\u0432\u0435\u0434\u0435\u043d\u043d\u044b\u0445 \u0438\u0441\u0441\u043b\u0435\u0434\u043e\u0432\u0430\u043d\u0438\u0439 \u0438 \u043f\u0440\u0438\u0432\u043b\u0435\u0447\u0435\u043d\u0438\u044f \u0432\u043d\u0438\u043c\u0430\u043d\u0438\u044f \u043a\u0430\u043a \u043a \u043e\u0442\u0434\u0435\u043b\u044c\u043d\u043e\u0439 \u043d\u0430\u0443\u0447\u043d\u043e\u0439 \u043f\u0440\u043e\u0431\u043b\u0435\u043c\u0435, \u0432 \u0447\u0430\u0441\u0442\u043d\u043e\u0441\u0442\u0438, \u0442\u0430\u043a \u0438 \u043a \u043e\u043f\u0440\u0435\u0434\u0435\u043b\u0435\u043d\u043d\u043e\u0439 \u043d\u0430\u0443\u0447\u043d\u043e\u0439 \u0442\u0435\u043c\u0430\u0442\u0438\u043a\u0435 \u0432 \u0446\u0435\u043b\u043e\u043c, \u0430 \u0442\u0430\u043a\u0436\u0435 \u0432\u043e\u0437\u043c\u043e\u0436\u043d\u043e\u0441\u0442\u0438 \u043f\u043e\u043b\u0443\u0447\u0435\u043d\u0438\u044f \u0438\u043d\u0444\u043e\u0440\u043c\u0430\u0446\u0438\u0438 \u043e\u0431 \u0438\u0441\u0441\u043b\u0435\u0434\u043e\u0432\u0430\u0442\u0435\u043b\u044c\u0441\u043a\u043e\u0439 \u0440\u0430\u0431\u043e\u0442\u0435 \u0437\u0430\u0440\u0443\u0431\u0435\u0436\u043d\u044b\u0445 \u043a\u043e\u043b\u043b\u0435\u0433.<\/p>\n<p>\u041c\u0430\u0442\u0435\u0440\u0438\u0430\u043b\u044b \u043a \u043f\u0443\u0431\u043b\u0438\u043a\u0430\u0446\u0438\u0438 \u043f\u0440\u0438\u043d\u0438\u043c\u0430\u044e\u0442\u0441\u044f \u043f\u043e \u0440\u0435\u0448\u0435\u043d\u0438\u044e \u0440\u0435\u0434\u0430\u043a\u0446\u0438\u043e\u043d\u043d\u043e\u0439 \u043a\u043e\u043b\u043b\u0435\u0433\u0438, \u0441\u043e\u0441\u0442\u043e\u044f\u0449\u0435\u0439 \u0438\u0437 \u043f\u0440\u0438\u0437\u043d\u0430\u043d\u043d\u044b\u0445 \u0443\u0447\u0435\u043d\u044b\u0445 \u0432 \u0441\u0444\u0435\u0440\u0435 \u0433\u0443\u043c\u0430\u043d\u0438\u0442\u0430\u0440\u043d\u044b\u0445 \u0438 \u044d\u043a\u043e\u043d\u043e\u043c\u0438\u0447\u0435\u0441\u043a\u0438\u0445 \u043d\u0430\u0443\u043a, \u0430 \u0442\u0430\u043a\u0436\u0435 \u043f\u0440\u0438\u0432\u043b\u0435\u0447\u0435\u043d\u043d\u044b\u0445 \u043d\u0435\u0437\u0430\u0432\u0438\u0441\u0438\u043c\u044b\u0445 \u044d\u043a\u0441\u043f\u0435\u0440\u0442\u043e\u0432.<\/p>\n<p>\u0416\u0443\u0440\u043d\u0430\u043b \u044f\u0432\u043b\u044f\u0435\u0442\u0441\u044f \u043d\u0435\u043a\u043e\u043c\u043c\u0435\u0440\u0447\u0435\u0441\u043a\u0438\u043c \u0438\u0437\u0434\u0430\u043d\u0438\u0435\u043c, \u043d\u0435 \u043f\u0440\u0435\u0441\u043b\u0435\u0434\u0443\u0435\u0442 \u043f\u0440\u0435\u0434\u043f\u0440\u0438\u043d\u0438\u043c\u0430\u0442\u0435\u043b\u044c\u0441\u043a\u0438\u0445 \u0446\u0435\u043b\u0435\u0439 \u0438 \u0441\u043b\u0443\u0436\u0438\u0442 \u0438\u0441\u043a\u043b\u044e\u0447\u0438\u0442\u0435\u043b\u044c\u043d\u043e \u0438\u043d\u0442\u0435\u0440\u0435\u0441\u0430\u043c \u043e\u0431\u043c\u0435\u043d\u0430 \u043d\u0430\u0443\u0447\u043d\u043e\u0439 \u0438\u043d\u0444\u043e\u0440\u043c\u0430\u0446\u0438\u0435\u0439, \u0432\u044b\u043f\u043e\u043b\u043d\u044f\u044f \u0440\u043e\u043b\u044c \u043c\u0435\u0436\u0434\u0443\u043d\u0430\u0440\u043e\u0434\u043d\u043e\u0433\u043e \u0444\u043e\u0440\u0443\u043c\u0430 \u0434\u043b\u044f \u0434\u0438\u0441\u043a\u0443\u0441\u0441\u0438\u0439 \u043c\u0435\u0436\u0434\u0443 \u043f\u0440\u0435\u0434\u0441\u0442\u0430\u0432\u0438\u0442\u0435\u043b\u044f\u043c\u0438, \u043a\u0430\u043a \u0440\u0430\u0437\u043d\u044b\u0445 \u0441\u0442\u0440\u0430\u043d, \u0442\u0430\u043a \u0438 \u0440\u0430\u0437\u043d\u044b\u0445 \u043d\u0430\u0443\u0447\u043d\u044b\u0445 \u0448\u043a\u043e\u043b \u0438 \u043d\u0430\u043f\u0440\u0430\u0432\u043b\u0435\u043d\u0438\u0439. \u0416\u0443\u0440\u043d\u0430\u043b \u0440\u0430\u0441\u043f\u0440\u043e\u0441\u0442\u0440\u0430\u043d\u044f\u0435\u0442\u0441\u044f \u0432 \u043f\u0435\u0447\u0430\u0442\u043d\u043e\u043c \u0438 \u0446\u0438\u0444\u0440\u043e\u0432\u043e\u043c \u0432\u0430\u0440\u0438\u0430\u043d\u0442\u0435 \u0438 \u0440\u0430\u0441\u0441\u044b\u043b\u0430\u0435\u0442\u0441\u044f \u0432 \u043a\u0440\u0443\u043f\u043d\u0435\u0439\u0448\u0438\u0435 \u0433\u043e\u0441\u0443\u0434\u0430\u0440\u0441\u0442\u0432\u0435\u043d\u043d\u044b\u0435 \u0438 \u0443\u043d\u0438\u0432\u0435\u0440\u0441\u0438\u0442\u0435\u0442\u0441\u043a\u0438\u0435 \u0431\u0438\u0431\u043b\u0438\u043e\u0442\u0435\u043a\u0438 \u0441\u0442\u0440\u0430\u043d \u0415\u0432\u0440\u043e\u043f\u044b \u0438 \u0421\u041d\u0413.<\/p>\n<p style=\"padding-left: 30px;\"><em><strong>\u041f\u0440\u043e\u0444\u0438\u043b\u044c \u043f\u0443\u0431\u043b\u0438\u043a\u0430\u0446\u0438\u0439 <\/strong><\/em><\/p>\n<p style=\"padding-left: 30px;\"><em>\u042d\u043a\u043e\u043d\u043e\u043c\u0438\u0447\u0435\u0441\u043a\u0438\u0435 \u043d\u0430\u0443\u043a\u0438 (\u043c\u0438\u043a\u0440\u043e- \u0438 \u043c\u0430\u043a\u0440\u043e\u044d\u043a\u043e\u043d\u043e\u043c\u0438\u043a\u0430)<\/em><br \/>\n<em> \u0413\u0443\u043c\u0430\u043d\u0438\u0442\u0430\u0440\u043d\u044b\u0435 \u0438 \u0441\u043e\u0446\u0438\u0430\u043b\u044c\u043d\u044b\u0435 \u043d\u0430\u0443\u043a\u0438<\/em><br \/>\n<em> \u042d\u043a\u043e\u043d\u043e\u043c\u0438\u0447\u0435\u0441\u043a\u043e\u0435 \u0440\u0430\u0437\u0432\u0438\u0442\u0438\u0435 \u0432 \u0433\u043e\u0441\u0443\u0434\u0430\u0440\u0441\u0442\u0432\u0430\u0445 \u0421\u041d\u0413 \u0438 \u0415\u0432\u0440\u043e\u043f\u0435\u0439\u0441\u043a\u043e\u043c \u0441\u043e\u043e\u0431\u0449\u0435\u0441\u0442\u0432\u0435<\/em><br \/>\n<em> \u0420\u0430\u0437\u0432\u0438\u0442\u0438\u0435 \u0431\u0438\u0437\u043d\u0435\u0441\u0430 \u0432 \u0417\u0430\u043f\u0430\u0434\u043d\u043e\u0439 \u0438 \u0412\u043e\u0441\u0442\u043e\u0447\u043d\u043e\u0439 \u0415\u0432\u0440\u043e\u043f\u0435 (\u0432 \u0442\u043e\u043c \u0447\u0438\u0441\u043b\u0435 \u044d\u043a\u043e\u043d\u043e\u043c\u0438\u0447\u0435\u0441\u043a\u0430\u044f \u0433\u043b\u043e\u0431\u0430\u043b\u0438\u0437\u0430\u0446\u0438\u044f)<\/em><br \/>\n<em> \u042d\u043a\u043e\u043d\u043e\u043c\u0438\u0447\u0435\u0441\u043a\u0430\u044f \u043f\u043e\u043b\u0438\u0442\u0438\u043a\u0430 \u0432 \u0417\u0430\u043f\u0430\u0434\u043d\u043e\u0439 \u0438 \u0412\u043e\u0441\u0442\u043e\u0447\u043d\u043e\u0439 \u0415\u0432\u0440\u043e\u043f\u0435 (\u0432 \u0442\u043e\u043c \u0447\u0438\u0441\u043b\u0435, \u043c\u0435\u0436\u0434\u0443\u043d\u0430\u0440\u043e\u0434\u043d\u044b\u0439 \u043c\u0435\u043d\u0435\u0434\u0436\u043c\u0435\u043d\u0442, \u0430 \u0442\u0430\u043a\u0436\u0435 \u043f\u043e\u043b\u0438\u0442\u0438\u043a\u0430 \u043f\u0440\u0430\u0432\u0438\u0442\u0435\u043b\u044c\u0441\u0442\u0432)<\/em><br \/>\n<em> \u041e\u0431\u0440\u0430\u0437\u043e\u0432\u0430\u043d\u0438\u0435 \u0438 \u043f\u043e\u043b\u0438\u0442\u0438\u043a\u0430 \u0432 \u043e\u0431\u043b\u0430\u0441\u0442\u0438 \u043e\u0431\u0440\u0430\u0437\u043e\u0432\u0430\u043d\u0438\u044f \u0432 \u043d\u0430\u0446\u0438\u043e\u043d\u0430\u043b\u044c\u043d\u043e\u0439 \u0438 \u0433\u043b\u043e\u0431\u0430\u043b\u044c\u043d\u043e\u0439 \u043f\u0435\u0440\u0441\u043f\u0435\u043a\u0442\u0438\u0432\u0435<\/em><br \/>\n<em> \u041a\u043e\u043c\u043c\u0443\u043d\u0438\u043a\u0430\u0446\u0438\u043e\u043d\u043d\u044b\u0435 \u0438 \u0438\u043c\u0438\u0434\u0436\u0435\u0432\u044b\u0435 \u0438\u0441\u0441\u043b\u0435\u0434\u043e\u0432\u0430\u043d\u0438\u044f<\/em><br \/>\n<em> \u0420\u0430\u0437\u0432\u0438\u0442\u0438\u0435 \u044d\u043a\u043e\u043d\u043e\u043c\u0438\u043a\u0438 \u0438 \u0441\u043e\u0446\u0438\u0443\u043c\u0430 \u0432 \u043a\u043e\u043d\u0442\u0435\u043a\u0441\u0442\u0435 \u0433\u043b\u043e\u0431\u0430\u043b\u0438\u0437\u0430\u0446\u0438\u0438, \u043b\u0438\u0431\u0435\u0440\u0430\u043b\u0438\u0437\u0430\u0446\u0438\u0438 \u0438\u00a0 \u0438\u043d\u0444\u043e\u0440\u043c\u0430\u0442\u0438\u0437\u0430\u0446\u0438\u0438<\/em><\/p>\n<p><strong>\u0418\u0437\u0434\u0430\u0442\u0435\u043b\u044c\u0441\u0442\u0432\u043e:<\/strong> West-Ost-Verlag, Berlin<\/p>\n<p><strong>\u0420\u0435\u0434\u0430\u043a\u0446\u0438\u043e\u043d\u043d\u0430\u044f \u043a\u043e\u043b\u043b\u0435\u0433\u0438\u044f: <\/strong><\/p>\n<p>Prof. Dr. Klaus B\u00f6nkost (Bremen)<br \/>\nProf. Dr. Valentin Foedorov (Moskau)<br \/>\nProf. Dr. Andreas Knorr (Speyer)<br \/>\nProf. Dr. Alexander Krylov (Berlin)<br \/>\nProf. Dr. Rolf Oberliesen (Paderborn\/Hamburg)<br \/>\nProf. Dr. Matthias Pulte (Mainz)<br \/>\nDipl. Volkswirt Tobias Schauf (M\u00fcnchen)<br \/>\nProf. Dr. Eberhard Schneider (Berlin\/Siegen)<br \/>\nProf. Dr. Axel Sell (Bremen)<br \/>\nProf. Dr. Werner Siebel (Berlin)<\/p>\n<p><strong>\u0423\u043f\u0440\u0430\u0432\u043b\u044f\u044e\u0449\u0438\u0439 \u0434\u0435\u043b\u0430\u043c\u0438:<\/strong><br \/>\nDr. Dmitry Tkachenko<\/p>\n<p><em>Every article is subject to double-blind peer review which is carried out by members of the Editorial Advisory Board or the Contributors.<\/em><\/p>\n<p><strong>\u0426\u0435\u043b\u0435\u0432\u0430\u044f \u0430\u0443\u0434\u0438\u0442\u043e\u0440\u0438\u044f<\/strong>: \u0443\u0447\u0435\u043d\u044b\u0435 \u0438\u0437 \u0441\u0442\u0440\u0430\u043d \u0417\u0430\u043f\u0430\u0434\u043d\u043e\u0439 \u0438 \u0412\u043e\u0441\u0442\u043e\u0447\u043d\u043e\u0439 \u0415\u0432\u0440\u043e\u043f\u044b, \u043f\u0440\u0435\u043f\u043e\u0434\u0430\u0432\u0430\u0442\u0435\u043b\u0438, \u043d\u0430\u0443\u0447\u043d\u044b\u0435 \u0441\u043e\u0442\u0440\u0443\u0434\u043d\u0438\u043a\u0438 \u0438 \u0441\u0442\u0443\u0434\u0435\u043d\u0442\u044b \u0432\u0443\u0437\u043e\u0432, \u043f\u0440\u0435\u0434\u0441\u0442\u0430\u0432\u0438\u0442\u0435\u043b\u0438 \u0432\u043b\u0430\u0441\u0442\u0438, \u0430\u043d\u0430\u043b\u0438\u0442\u0438\u0447\u0435\u0441\u043a\u0438\u0435 \u043f\u043e\u0434\u0440\u0430\u0437\u0434\u0435\u043b\u0435\u043d\u0438\u044f \u043a\u0440\u0443\u043f\u043d\u044b\u0445 \u043f\u0440\u0435\u0434\u043f\u0440\u0438\u044f\u0442\u0438\u0439 \u0438 \u043e\u0440\u0433\u0430\u043d\u0438\u0437\u0430\u0446\u0438\u0439, \u0432\u0441\u0435 \u0438\u043d\u0442\u0435\u0440\u0435\u0441\u0443\u044e\u0449\u0438\u0435\u0441\u044f \u0438\u043d\u0444\u043e\u0440\u043c\u0430\u0446\u0438\u0435\u0439 \u043e\u0431 \u0430\u043a\u0442\u0443\u0430\u043b\u044c\u043d\u044b\u0445 \u0438\u0441\u0441\u043b\u0435\u0434\u043e\u0432\u0430\u043d\u0438\u044f\u0445 \u0438 \u043d\u0430\u0443\u0447\u043d\u044b\u0445 \u0441\u043e\u0431\u044b\u0442\u0438\u044f\u0445, \u0430 \u0442\u0430\u043a\u0436\u0435 \u0441\u043e\u043e\u0431\u0449\u0435\u043d\u0438\u044f\u043c\u0438\u00a0 \u0438\u0437 \u0443\u043d\u0438\u0432\u0435\u0440\u0441\u0438\u0442\u0435\u0442\u043e\u0432 \u0438 \u0438\u0441\u0441\u043b\u0435\u0434\u043e\u0432\u0430\u0442\u0435\u043b\u044c\u0441\u043a\u0438\u0445 \u043e\u0440\u0433\u0430\u043d\u0438\u0437\u0430\u0446\u0438\u0439 \u0441\u0442\u0440\u0430\u043d \u0417\u0430\u043f\u0430\u0434\u043d\u043e\u0439 \u0438 \u0412\u043e\u0441\u0442\u043e\u0447\u043d\u043e\u0439 \u0415\u0432\u0440\u043e\u043f\u044b.<\/p>\n","protected":false},"excerpt":{"rendered":"<p>WEST-OST-REPORT International Forum for Science and Research ISSN 2190-5231 West-Ost-Report &#8211; International Forum for Science and Research ist eine internationale wissenschaftliche Zeitschrift, die die Ergebnisse aktueller Forschungen sowie Rezensionen sowie \u00dcbersichten und Mitteilungen von wissenschaftlichen Veranstaltungen aus den L\u00e4ndern West- und Osteuropas ver\u00f6ffentlicht. Die Mission der Zeitschrift besteht darin, Wissenschaftlern aus den L\u00e4ndern West- und &hellip; <a href=\"https:\/\/westost.eu\/?page_id=44\" class=\"more-link\"><span class=\"screen-reader-text\">West-Ost-Report<\/span> weiterlesen<\/a><\/p>\n","protected":false},"author":1,"featured_media":0,"parent":0,"menu_order":80,"comment_status":"closed","ping_status":"closed","template":"","meta":{"footnotes":""},"class_list":["post-44","page","type-page","status-publish","hentry"],"_links":{"self":[{"href":"https:\/\/westost.eu\/index.php?rest_route=\/wp\/v2\/pages\/44","targetHints":{"allow":["GET"]}}],"collection":[{"href":"https:\/\/westost.eu\/index.php?rest_route=\/wp\/v2\/pages"}],"about":[{"href":"https:\/\/westost.eu\/index.php?rest_route=\/wp\/v2\/types\/page"}],"author":[{"embeddable":true,"href":"https:\/\/westost.eu\/index.php?rest_route=\/wp\/v2\/users\/1"}],"replies":[{"embeddable":true,"href":"https:\/\/westost.eu\/index.php?rest_route=%2Fwp%2Fv2%2Fcomments&post=44"}],"version-history":[{"count":5,"href":"https:\/\/westost.eu\/index.php?rest_route=\/wp\/v2\/pages\/44\/revisions"}],"predecessor-version":[{"id":212,"href":"https:\/\/westost.eu\/index.php?rest_route=\/wp\/v2\/pages\/44\/revisions\/212"}],"wp:attachment":[{"href":"https:\/\/westost.eu\/index.php?rest_route=%2Fwp%2Fv2%2Fmedia&parent=44"}],"curies":[{"name":"wp","href":"https:\/\/api.w.org\/{rel}","templated":true}]}}